- 9. Determine u(-3).
-15
Let o(m) = m**3 + 3*m + 3. Determine o(-2).
-11
Let x(o) = 37*o + 1119. Calculate x(-30).
9
Let w(o) = -5*o**2 + 11*o - 2. Determine w(2).
0
Let h(r) = r**3 + 3*r**2 - 11*r + 3. What is h(-6)?
-39
Let w(r) = -r**3 - 7*r**2 - 6*r + 6. Determine w(-5).
-14
Let i(j) = 5*j**3 + 2*j**2 + 2*j + 2. Give i(-1).
-3
Let q(a) = a**3 - 4*a**2 + 2*a. What is q(4)?
8
Let x(h) = 8*h**2 - h + 1. Determine x(1).
8
Let h(q) = -q**2 + 4*q + 1. What is h(3)?
4
Let j(c) = 31*c**2 - 3*c + 2. What is j(-2)?
132
Let b(w) = -w**3 - 7*w**2 + 4*w + 17. What is b(-7)?
-11
Let g(d) = 2*d - 14. Calculate g(8).
2
Let u(x) = -2*x**3 - 9*x**2 + 5*x - 1. Give u(-5).
-1
Let u(o) = -o + 5. Calculate u(6).
-1
Let f(p) = p**2 + 18*p - 171. Calculate f(-25).
4
Let a(o) = o**3 - 11*o**2 - 15*o + 16. Calculate a(12).
-20
Let q(d) = d**3 + 16*d**2 + 11*d + 1. Calculate q(-15).
61
Let j(v) = 9*v**2 + 2*v + 1. Determine j(2).
41
Let y(m) = -85*m**3 + 2*m**2 + 2*m + 1. Determine y(-1).
86
Let d(r) = -r**3 + 3*r**2 - 3*r + 18. Determine d(4).
-10
Let k(v) = 2*v**3 + 16*v**2 - 2. Calculate k(-8).
-2
Let t(j) = -j**3 - 2*j + 15. What is t(0)?
15
Let d(k) = -18*k**2 - 56*k - 3. Determine d(-3).
3
Let v(n) = 5*n - 56. What is v(7)?
-21
Let t(n) = -8*n + 10. Give t(2).
-6
Let x(u) = 9*u - 20. Determine x(3).
7
Let h(u) = -u**3 + 25*u**2 - 46*u - 10. What is h(23)?
-10
Let n(v) = v**3 - 4*v**2 + 2*v - 7. Give n(3).
-10
Let z(c) = 2*c**2 - 24*c + 19. Determine z(11).
-3
Let r(b) = -93*b**3 + 2*b + 1. What is r(-1)?
92
Let a(w) = -w. Calculate a(-11).
11
Let s(p) = p**2 - 9*p - 12. Determine s(9).
-12
Let p(b) = -2*b**3 - 2*b**2 - 2*b + 6. Calculate p(2).
-22
Let g(m) = 40*m - 177. Calculate g(5).
23
Let p(c) = 77*c**3 + 2*c**2 - c. Calculate p(1).
78
Let g(x) = 2*x**2 + 19*x + 54. Determine g(-4).
10
Let v(h) = 9*h + 1. Give v(6).
55
Let c(m) = -21*m + 17. Give c(1).
-4
Let o(x) = -x**2 + x + 1. Give o(-5).
-29
Let j(w) = 2*w - 16. Give j(0).
-16
Let q(g) = g**3 + 8*g**2 + 9*g - 10. Give q(-5).
20
Let f(p) = p**3 + 8*p**2 + 9*p - 5. Determine f(-6).
13
Let f(n) = -n - 4. Give f(15).
-19
Let l(o) = 53*o + 218. Calculate l(-4).
6
Let w(b) = 2*b + 41. Determine w(-17).
7
Let m(a) = -a**3 + 2*a**2 - 2*a + 2. Determine m(1).
1
Let x(g) = 2*g**3 - 35*g**2 - 16*g - 44. Calculate x(18).
-8
Let f(p) = 5*p**3 - 2*p**2 - 3. What is f(-2)?
-51
Let a(y) = -3*y**2 - 17*y - 4. Give a(-5).
6
Let p(h) = h**3 + h**2 - h + 7. What is p(-3)?
-8
Let w(l) = -9*l + 144. Calculate w(16).
0
Let g(f) = 8*f**2 + 10*f + 2. Calculate g(-2).
14
Let k(l) = -l**2 + 7*l + 21. Determine k(9).
3
Let x(i) = -5*i - 14. Determine x(-4).
6
Let p(s) = -s**2 - 14*s - 12. What is p(-11)?
21
Let p(s) = 4*s**2 + 14*s + 51. Give p(-4).
59
Let b(y) = y**3 - 8*y**2 + 9*y - 18. Calculate b(7).
-4
Let r(o) = 2*o**2 + 3*o + 3. Determine r(3).
30
Let z(q) = -3*q**2 - 41*q - 1. Determine z(0).
-1
Let o(w) = -w + 3. Calculate o(-6).
9
Let r(v) = v**3 - 34*v**2 - 49*v - 825. Give r(36).
3
Let w(b) = -b**3 - 7*b**2 + 3*b + 21. What is w(-7)?
0
Let f(h) = -h**2 + 9*h - 1. Determine f(4).
19
Let o(a) = -7*a**2 - 38*a. Determine o(-6).
-24
Let d(s) = s. Give d(3).
3
Let l(k) = -k**3 + 2*k**2 + 5*k - 4. Give l(2).
6
Let h(b) = -b**3 + 7*b**2 + 10*b + 7. Calculate h(8).
23
Let g(f) = 6*f - 3. Determine g(-4).
-27
Let y(l) = 7*l**3 + l**2 - 2*l + 1. Calculate y(1).
7
Let j(h) = 17*h. Give j(-3).
-51
Let t(b) = -2*b - 13. Give t(-4).
-5
Let u(v) = -3*v**2 + 9*v - 7. What is u(9)?
-169
Let x(m) = m + 20. Give x(12).
32
Let s(q) = -100*q + 495. Give s(5).
-5
Let a(g) = 6*g + 64. Determine a(-11).
-2
Let j(y) = 4*y + 2. What is j(0)?
2
Let h(k) = k**3 - 11*k**2 - k + 10. Determine h(11).
-1
Let d(n) = n**2 - 15*n + 24. Determine d(16).
40
Let g(m) = -6*m - 60. Determine g(-14).
24
Let p(x) = x**3 - 11*x**2 - 6*x - 65. Determine p(12).
7
Let p(b) = -b**2 + 6*b + 9. What is p(7)?
2
Let u(m) = 2*m**2 - 9*m + 2. Determine u(7).
37
Let z(g) = 18*g - 1. Give z(-4).
-73
Let j(t) = t - 31. Calculate j(23).
-8
Let m(f) = -f**2 + 6*f + 11. Give m(9).
-16
Let s(t) = t**2 + 9*t - 10. What is s(-11)?
12
Let m(q) = -3*q**2 - 29*q - 20. Give m(-8).
20
Let a(m) = -m**2 + 19*m - 26. What is a(18)?
-8
Let a(u) = 22*u - 64. Calculate a(3).
2
Let u(d) = -2*d**2 + 51*d - 297. Determine u(9).
0
Let t(s) = 17*s**3 - 5*s - 5. Calculate t(-1).
-17
Let k(v) = 11*v + 53. Give k(-4).
9
Let q(l) = -4*l - 50. Give q(-11).
-6
Let h(n) = -n**2 + 8*n - 1. Determine h(7).
6
Let w(s) = s**3 - 25*s**2 - 88*s + 98. What is w(28)?
-14
Let w(c) = c - 11. Calculate w(-9).
-20
Let p(d) = -d**2 - 8*d - 2. What is p(-7)?
5
Let h(d) = 39*d + 4. Calculate h(-2).
-74
Let h(s) = 9*s - 94. What is h(7)?
-31
Let t(k) = 2*k**2 - 8*k + 14. Give t(5).
24
Let o(f) = f**3 - 8*f**2 - 4*f - 10. Determine o(8).
-42
Let c(i) = i**2 - 16*i - 74. Give c(20).
6
Let f(y) = -3*y + 6. Calculate f(0).
6
Let r(p) = -2*p**2 - 46*p + 19. Calculate r(-22).
63
Let x(c) = c**3 - 5*c**2 - 6*c + 20. Calculate x(5).
-10
Let b(g) = -g**3 - 8*g**2 - 6*g + 4. Calculate b(-5).
-41
Let n(k) = k - 38. What is n(11)?
-27
Let w(l) = l**2 - 11*l - 2. Calculate w(9).
-20
Let o(n) = 8*n**2 - 8*n + 5. What is o(1)?
5
Let n(d) = d**2 + 47*d + 456. What is n(-13)?
14
Let i(t) = -t**3 + 5*t**2 - t + 1. Calculate i(4).
13
Let h(d) = d**3 - 7*d**2 + 6*d + 16. Determine h(6).
16
Let u(b) = b**2 + 5*b - 26. Give u(-8).
-2
Let t(g) = 2*g**3 - 48*g**2 + 10. Give t(24).
10
Let t(f) = -f**2 - 12*f - 2. What is t(-11)?
9
Let m(q) = 94*q**2 - 7*q + 8. Give m(1).
95
Let t(u) = 23*u**3 - 4*u**2 - 5*u. What is t(-2)?
-190
Let g(u) = -u - 1. What is g(-16)?
15
Let r(v) = -v. What is r(17)?
-17
Let n(z) = 2*z**2 + 8*z - 16. Determine n(-6).
8
Let t(s) = 2*s**3 - 6*s**2. What is t(4)?
32
Let d(v) = -v**2 + 5*v + 11. What is d(7)?
-3
Let o(r) = r**2 + 10*r - 22. Determine o(-9).
-31
Let i(v) = -v**3 + 7*v**2 + 2*v + 8. Give i(8).
-40
Let h(t) = -t**3 - 5*t**2 + 6*t + 5. Determine h(-5).
-25
Let f(c) = 5*c - 62. Give f(13).
3
Let r(j) = j**3 + 5*j**2 + 4. Calculate r(-5).
4
Let m(k) = -k**3 + 4*k**2 + 10*k + 2. What is m(6)?
-10
Let l(h) = -h**2 + 10*h - 5. What is l(10)?
-5
Let a(t) = -t**2 + 7*t - 1. Calculate a(4).
11
Let o(t) = -2*t**3 + 22*t**2 - 4*t + 54. What is o(11)?
10
Let x(t) = -t**2 + 44*t - 210. What is x(39)?
-15
Let l(y) = 35*y + 8. Give l(1).
43
Let h(f) = 3*f**3 - 4*f**2 - 5*f + 6. Determine h(2).
4
Let a(s) = -3*s**2 - 14*s + 37. Give a(5).
-108
Let x(t) = -t**2 + t + 2. What is x(3)?
-4
Let j(x) = -x**2 - 27*x + 28. Give j(-28).
0
Let d(z) = -z + 3. Give d(8).
-5
Let r(h) = h**2 - h - 47. Determine r(-7).
9
Let k(a) = a**2 + 5*a - 12. Calculate k(2).
2
Let r(w) = -w + 5. Determine r(7).
-2
Let o(d) = -d + 11. Calculate o(0).
11
Let y(a) = -a**2 + 7*a - 7. Give y(7).
-7
Let v(j) = 7*j + 48. Determine v(-16).
-64
Let k(v) = -v**3 + 11*v**2 + 2*v - 10. What is k(11)?
12
Let c(a) = -a**3 - 9*a**2 + 9*a - 2. Determine c(-10).
8
Let m(j) = j**3 + 12*j**2 + 26*j + 55. Calculate m(-10).
-5
Let c(t) = 12*t + 21. Give c(-2).
-3
Let g(r) = -r**3 - 6*r**2 + 6*r - 7. What is g(-7)?
0
Let z(j) = 31*j + 13. Give z(1).
44
Let b(i) = -i**3 + 2*i**2 - 3*i + 5. Give b(0).
5
Let u(q) = -2*q**2 - 18*q - 37. Determine u(-11).
-81
Let a(m) = -2*m**3 - 20*m**2 - 10*m + 78. Determine a(-9).
6
Let w(i) = i - 22. Give w(3).
-19
Let f(p) = p**3 + 8*p**2 - 7*p + 32. Calculate f(-9).
14
Let c(x) = x**3 - 7*x**2 + 3*x + 7. What is c(7)?
28
Let r(z) = 12*z + 61. What is r(0)?
61
Let o(a) = -a**3 + 3*a**2 - a + 1. Give o(3).
-2
Let g(s) = s**3 + 6*s**2 + 11. Determine g(-6).
11
Let r(y) = -y**2 + 2*y + 5. Calculate r(5).
-10
Let d(n) = -4*n**2 - 23*n - 12. What is d(-5)?
3
Let f(c) = c**3 - 9*c**2 - 6*c - 3. What is f(10)?
37
Let u(j) = j**2 - 29. Calculate u(0).
-29
Let d(f) = -f**2 + 27*f - 97. Give d(5).
13
Let f(v) = v**3 - 19*v**2 + 17*v + 26. Give f(18).
8
Let z(y) = y**3 - 16*y**2 + 51*y - 154. What is z(13)?
2
Let m(s) = -s**3 + 12*s**2 - 22*s - 13. What is m(9)?
32
Let d(c) = c**2 + 19*c + 32. What is d(-15)?
-28
Let a(x) = x - 5. What is a(1)?
-4
Let q(b) = 3*b + 22. What is q(-10)?
-8
Let u(x) = -2*x + 8. What is u(0)?
8
Let g(h) = 19*h - 12. Calculate g(5).
83
Let j(z) = z**2 + 29*z + 23. Determine j(-28).
-5
Let u(x) = 6*x + 43. Calc